 = 4*y. What is the units digit of y/d - (-116)/14?
8
Let h = 35 + -22. What is the units digit of (-623)/(-91) + 2/h?
7
Let y be 3*((-12)/9)/(-2). Suppose 7*t - 45 = y*t. What is the units digit of t?
9
Let k be 2 - 2 - (-1)/1. Let b = 22 + k. What is the tens digit of b?
2
Let q(t) = t**2 - 3*t + 4. Let x be q(3). Suppose -u + 28 = 2*h, 0 = x*h - 5*u - 12 - 16. What is the units digit of (8/h)/(2/21)?
7
Suppose -28 = -4*v - 4. Let b(o) = -5 + 2*o + o - o. What is the units digit of b(v)?
7
Let f(c) be the third derivative of 5*c**4/24 - 5*c**3/3 + 2*c**2. What is the tens digit of f(8)?
3
Suppose -2*y - 2*y + 64 = 0. Suppose 24 + y = i. What is the tens digit of i?
4
Let z = 82 + -35. What is the tens digit of z?
4
Let q(r) = r. Let p be q(5). Suppose -4*y = -4*x + 28, -x - y + p = -4. What is the units digit of x?
8
Let v = -5 - -2. What is the units digit of (0 - 22)*(v + 2)?
2
Let w = -5 + 8. Suppose -w*l = -2*r - 2*r + 53, -2*r - 2*l + 44 = 0. What is the units digit of r?
7
Suppose c = 3*r - 82, -5*r + 4*c + 148 = 8*c. What is the tens digit of r?
2
Suppose 2*f = 2*r + 24, 2*r + 12 - 43 = -3*f. Let d = f - 6. What is the units digit of d?
5
Suppose -p = -38 - 23. What is the tens digit of p?
6
Let i be 21/3 + 2/1. Let z = i + 0. What is the units digit of z?
9
Suppose -6*a = -3*a - 39. Suppose 2*u - a = 29. What is the tens digit of u?
2
Let k(f) be the third derivative of -f**6/120 + f**5/15 + 2*f**3/3 + 4*f**2. Let s be (6/(-4))/((-6)/16). What is the units digit of k(s)?
4
Suppose -8*a + 914 = 154. What is the tens digit of a?
9
Suppose 4*c - 96 = 44. What is the units digit of c?
5
Let r = 10 + -7. What is the units digit of r/9*(4 - 1)?
1
Let w = -4 + 5. Let k = 5 + w. What is the units digit of k?
6
Suppose -3*l = -4*l, k - l + 4 = 0. What is the units digit of (-4)/8 - 110/k?
7
Let a be 25/(-10)*(-1 - 1). Suppose 2*t - a = -n + t, t = -2*n + 7. What is the units digit of n?
2
Let q(v) = -v**3 + 0*v + 4*v - 2 - 2*v + v**2 + 1. What is the units digit of q(-2)?
7
Let r be 64/6 + 4/(-6). Let u(j) = -j**3 - 4*j**2 - 2*j - 3. Let s be u(-3). Let z = s + r. What is the units digit of z?
4
Suppose 5*c - 158 = -18. Suppose -2 = -3*u + c. What is the tens digit of u?
1
Suppose 0 = 3*b - 135 + 21. Suppose 4*o + b - 110 = 0. What is the tens digit of o?
1
Suppose -15 = -2*b - 3*b. Suppose 5*u - 25 = 0, -5*q + b*u + 49 = -q. Suppose q = g - 0*g. What is the tens digit of g?
1
Let a(r) = 2*r**2 + 3*r + 4. Let d(b) = -5*b**2 - 5*b - 7. Let v(s) = -7*a(s) - 3*d(s). Let u be v(7). Suppose u = g - 3 - 0. What is the units digit of g?
3
Let p = 12 - 3. What is the units digit of p?
9
What is the units digit of 3562/52 + (-2)/(-4)?
9
What is the units digit of ((-76)/6)/((-9)/27)?
8
Let a(f) = -f**2 + 8*f - 2. Let d(u) = u**2 - 9*u + 1. Let m(s) = -4*a(s) - 3*d(s). Let h be m(6). Let o = h - 0. What is the tens digit of o?
1
Suppose 54 + 66 = 3*c. Let v = 65 - c. Let w = -9 + v. What is the tens digit of w?
1
Suppose 4*n = 3*a - a - 28, 3*a + 3*n - 51 = 0. What is the tens digit of a?
1
Let f(n) be the third derivative of n**5/20 - n**4/8 - 4*n**3/3 - 2*n**2. What is the tens digit of f(4)?
2
Suppose -o = o - 84. What is the tens digit of o?
4
Let u = 8 - 13. Let l be 50/2*2/u. Let q = l - -19. What is the units digit of q?
9
Suppose 87 + 33 = 5*p. What is the units digit of p?
4
Let p = 4 + -4. Suppose -2*w + 10 = 0, 2*x + 4*w - 13 - 15 = p. What is the units digit of x?
4
Let p be 0 + 4*(-2 + 1). Let t(j) = -j**3 - 5*j**2 - 6*j - 3. Let g be t(p). Suppose 2*m - 17 = 3*n, 5*m - g*n = -0*m + 35. What is the units digit of m?
4
Suppose -g + v - 2 = -2*g, -v + 6 = 5*g. Let m(q) = -4 - q + 0*q - g. What is the units digit of m(-8)?
3
Let u(b) = 23*b - 1. What is the units digit of u(1)?
2
Suppose 3*b + w - 2*w - 155 = 0, -5*w - 99 = -2*b. What is the units digit of b?
2
Let m be (-22)/(-10) - (-4)/(-20). Suppose m*l - l - 20 = 0. What is the tens digit of l?
2
Let z(y) = y**2 + 6*y. Let d(p) = p**2 + 7*p - 1. Let n(x) = -5*d(x) + 6*z(x). Let i be n(5). Let v = -24 + i. What is the tens digit of v?
1
Suppose -l = 2*i - 385, -4*i = 3*l - 5*i - 1162. What is the tens digit of l?
8
Suppose 8*y - 3*y - 10 = -5*m, -3*m = -2*y - 6. Let a = -2 - -3. What is the units digit of 3 + y/(-3 + a)?
3
Suppose 2*b - 16 = 64. What is the units digit of b?
0
Suppose 5*o = -7 - 8. Let n = -1 - o. Suppose 0 = n*r - r + 5, -9 = -2*v + r. What is the units digit of v?
2
Suppose 3 - 51 = -6*a. Let s(p) be the second derivative of -p**4/12 + 5*p**3/3 - 5*p**2 + p. What is the units digit of s(a)?
6
Suppose -3*b = 4*j - 1660, -327 = -j + 3*b + 88. Suppose -5*h - 165 + j = 0. Suppose 5*f + 0*f - h = 5*d, -f - 5*d - 8 = 0. What is the units digit of f?
7
Let w(q) = -2*q**2 + 2*q - 1. Let t be w(1). Let b be 3*1/(t/(-2)). Let l(s) = 2*s - 5. What is the units digit of l(b)?
7
Suppose -u = -13 - 26. What is the units digit of u?
9
Let j = 346 - -82. What is the hundreds digit of j?
4
Suppose 0*n = -5*n + 10. What is the units digit of n?
2
Let v(z) = -2*z - 3. Suppose -5*h - 12 = 5*q - 47, 0 = q - 5*h + 11. Let g = -8 + q. What is the units digit of v(g)?
5
Suppose -3*f - 6 = 0, -3*f = -4*z + f + 36. Suppose 0*r + z*r = 140. What is the tens digit of r?
2
What is the units digit of 1/(-2) + 255/10?
5
Let m(c) = -c + 5. Let o(g) = -2*g + 5. Let x = 19 - 11. Let n be o(x). What is the units digit of m(n)?
6
Let s(z) = -13*z**3 + z**2 + 2*z + 2. What is the tens digit of s(-2)?
0
Let z = -7 + 9. Suppose -z*l - 4 = -6*l. What is the units digit of l?
1
Let j(y) be the first derivative of y**2 - 3*y**3 + 3 - y + 2*y**3 - 2*y**2 + 4*y**3. What is the units digit of j(-1)?
0
Let u(i) = 2*i**3 - i**2 - 2*i + 1. Let n be u(2). Suppose -2*p = p - n. Suppose 0 = p*q + q - 16. What is the units digit of q?
4
Suppose -v + 26 = r - 0*v, r = v + 34. Let w = r + -17. What is the units digit of w?
3
Let z(v) = 3*v**2 + 4*v + 7. What is the units digit of z(-3)?
2
Let v(b) = -b**2 - b + 1. Let s(x) = -5*x**2 - 14*x + 9. Let p(c) = -s(c) + 6*v(c). What is the units digit of p(6)?
9
Suppose -33 = -0*x - x + 3*o, 2*x - 2*o - 66 = 0. What is the units digit of x?
3
What is the units digit of (-440)/(-10) - (-4)/(-2)?
2
Let q be (0 - 1) + (2 - 1). Suppose q = -4*w - 2*g + 46, 0 = -4*w + g + 26 + 35. What is the tens digit of w?
1
Suppose -5*w + 3*w + 6 = 0. Suppose 3*x + 3*l + 14 - 50 = 0, -x - w*l + 6 = 0. What is the units digit of x?
5
Suppose 0 = z - o + 2*o, 5*o = -15. Suppose z*q - x = 2, -40 + 10 = -5*q - 5*x. What is the units digit of 1 - (q + (-6)/3)?
1
Suppose -n + 8 - 1 = 2*l, 7 = -l + 3*n. Let a(w) = -10*w + 1. Let k be a(l). Let y = -13 - k. What is the units digit of y?
6
Let y(u) = 6*u**3 - 2*u**2 - u + 2. What is the units digit of y(1)?
5
Suppose -76 = -u + 2*b, 4*b - 178 = -3*u - 0*u. What is the units digit of u?
6
Let d = 5 + -3. Let j be (-4 - d)*(-18)/(-4). Let l = -14 - j. What is the units digit of l?
3
Let o = -14 + 12. Suppose -3*u + 3 = -6. What is the units digit of (-5 + -1)*o/u?
4
Suppose -55 = 4*y + 17. Let k be (y/4 - 2)*-2. Suppose 2*n + k = w + 2*w, w - 11 = 2*n. What is the units digit of w?
1
Suppose -52 - 47 = -3*t. What is the units digit of t?
3
Let i(c) = -4*c + 17. What is the units digit of i(-21)?
1
Let i(w) = w**2 - 8*w + 4. Let j be i(4). Let h be (-484)/j + (-1)/3. Suppose 5*q = -2*f + 2 + h, -q - 2*f + 2 = 0. What is the tens digit of q?
1
Let o(g) = -g + 1. Let k be o(-3). What is the tens digit of (-4)/8 + 78/k?
1
Let l = 12 - 5. Suppose l = m + 3. What is the units digit of m?
4
Suppose 354 + 65 = 4*v - k, 0 = v + 3*k - 95. What is the hundreds digit of v?
1
Suppose -k + 26 = -6*t + 3*t, -k + 16 = 2*t. What is the tens digit of k?
2
Let y = -5 - -1. Let j = y - -7. What is the units digit of j?
3
Suppose -5*m = -6*m. Let h be 1*21 - m - 2. Suppose 8 = -q + h. What is the tens digit of q?
1
Let a = -7 + 13. Let y(j) = -j**2 + 3 + 4*j + 2*j - a. What is the units digit of y(4)?
5
Let t(i) = 4*i**2 - 5*i - 6. What is the units digit of t(5)?
9
Let c(r) = 7*r**2 - 5*r - 5. What is the units digit of c(4)?
7
Suppose -4*t + 224 = 4*y, -4*y + 0*t - 2*t = -234. What is the units digit of y?
1
Suppose -6*o + o = -3*w - 697, 2*o - 4*w - 276 = 0. What is the 